{"id":1410,"date":"2015-06-02T17:43:25","date_gmt":"2015-06-02T17:43:25","guid":{"rendered":"http:\/\/www.latelieramusique.fr\/bobbym\/wp-content\/uploads\/sites\/8\/2015\/06\/Bobby-M-10-ans-\u00e0-H\u00e9rin-nord1.png"},"modified":"2017-02-04T19:46:04","modified_gmt":"2017-02-04T19:46:04","slug":"bobby-m-10-ans-a-herin-nord-2","status":"inherit","type":"attachment","link":"https:\/\/www.latelieramusique.fr\/bobbym\/biographieanimations-musicalesaccordeonbandoneonharmonica\/bobby-m-10-ans-a-herin-nord-2\/","title":{"rendered":"Bobby M accord\u00e9oniste 9 ANS"},"author":9,"featured_media":0,"comment_status":"closed","ping_status":"closed","template":"","meta":{"_acf_changed":false,"_exactmetrics_skip_tracking":false,"_exactmetrics_sitenote_active":false,"_exactmetrics_sitenote_note":"","_exactmetrics_sitenote_category":0},"class_list":["post-1410","attachment","type-attachment","status-inherit","hentry"],"acf":[],"yoast_head":"<!-- This site is optimized with the Yoast SEO plugin v27.5 - https:\/\/yoast.com\/product\/yoast-seo-wordpress\/ -->\n<title>Bobby M accord\u00e9oniste 9 ANS - Bobby M<\/title>\n<meta name=\"robots\" content=\"index, follow, max-snippet:-1, max-image-preview:large, max-video-preview:-1\" \/>\n<link rel=\"canonical\" href=\"https:\/\/www.latelieramusique.fr\/bobbym\/wp-content\/uploads\/sites\/8\/2015\/06\/Bobby-M-10-ans-\u00e0-H\u00e9rin-nord1.png\" \/>\n<meta property=\"og:locale\" content=\"fr_FR\" \/>\n<meta property=\"og:type\" content=\"article\" \/>\n<meta property=\"og:title\" content=\"Bobby M accord\u00e9oniste 9 ANS - Bobby M\" \/>\n<meta property=\"og:description\" content=\"Bobby M\" \/>\n<meta property=\"og:url\" content=\"https:\/\/www.latelieramusique.fr\/bobbym\/wp-content\/uploads\/sites\/8\/2015\/06\/Bobby-M-10-ans-\u00e0-H\u00e9rin-nord1.png\" \/>\n<meta property=\"og:site_name\" content=\"Bobby M\" \/>\n<meta property=\"article:modified_time\" content=\"2017-02-04T19:46:04+00:00\" \/>\n<meta property=\"og:image\" content=\"https:\/\/www.latelieramusique.fr\/bobbym\/wp-content\/uploads\/sites\/8\/2015\/06\/Bobby-M-10-ans-\u00e0-H\u00e9rin-nord1.png\" \/>\n\t<meta property=\"og:image:width\" content=\"68\" \/>\n\t<meta property=\"og:image:height\" content=\"139\" \/>\n\t<meta property=\"og:image:type\" content=\"image\/png\" \/>\n<script type=\"application\/ld+json\" class=\"yoast-schema-graph\">{\"@context\":\"https:\\\/\\\/schema.org\",\"@graph\":[{\"@type\":\"WebPage\",\"@id\":\"https:\\\/\\\/www.latelieramusique.fr\\\/bobbym\\\/wp-content\\\/uploads\\\/sites\\\/8\\\/2015\\\/06\\\/Bobby-M-10-ans-\u00e0-H\u00e9rin-nord1.png\",\"url\":\"https:\\\/\\\/www.latelieramusique.fr\\\/bobbym\\\/wp-content\\\/uploads\\\/sites\\\/8\\\/2015\\\/06\\\/Bobby-M-10-ans-\u00e0-H\u00e9rin-nord1.png\",\"name\":\"Bobby M accord\u00e9oniste 9 ANS - Bobby M\",\"isPartOf\":{\"@id\":\"https:\\\/\\\/www.latelieramusique.fr\\\/bobbym\\\/#website\"},\"datePublished\":\"2015-06-02T17:43:25+00:00\",\"dateModified\":\"2017-02-04T19:46:04+00:00\",\"breadcrumb\":{\"@id\":\"https:\\\/\\\/www.latelieramusique.fr\\\/bobbym\\\/wp-content\\\/uploads\\\/sites\\\/8\\\/2015\\\/06\\\/Bobby-M-10-ans-\u00e0-H\u00e9rin-nord1.png#breadcrumb\"},\"inLanguage\":\"fr-FR\",\"potentialAction\":[{\"@type\":\"ReadAction\",\"target\":[\"https:\\\/\\\/www.latelieramusique.fr\\\/bobbym\\\/wp-content\\\/uploads\\\/sites\\\/8\\\/2015\\\/06\\\/Bobby-M-10-ans-\u00e0-H\u00e9rin-nord1.png\"]}]},{\"@type\":\"BreadcrumbList\",\"@id\":\"https:\\\/\\\/www.latelieramusique.fr\\\/bobbym\\\/wp-content\\\/uploads\\\/sites\\\/8\\\/2015\\\/06\\\/Bobby-M-10-ans-\u00e0-H\u00e9rin-nord1.png#breadcrumb\",\"itemListElement\":[{\"@type\":\"ListItem\",\"position\":1,\"name\":\"Accueil\",\"item\":\"https:\\\/\\\/www.latelieramusique.fr\\\/bobbym\\\/\"},{\"@type\":\"ListItem\",\"position\":2,\"name\":\"Biographie,animations musicales en toutes circonstances,accord\u00e9on,bandon\u00e9on,harmonica,f\u00eate,th\u00e9\u00e2tre,rue,caf\u00e9,Bobby M,Chicken Group\",\"item\":\"https:\\\/\\\/www.latelieramusique.fr\\\/bobbym\\\/biographieanimations-musicalesaccordeonbandoneonharmonica\\\/\"},{\"@type\":\"ListItem\",\"position\":3,\"name\":\"Bobby M accord\u00e9oniste 9 ANS\"}]},{\"@type\":\"WebSite\",\"@id\":\"https:\\\/\\\/www.latelieramusique.fr\\\/bobbym\\\/#website\",\"url\":\"https:\\\/\\\/www.latelieramusique.fr\\\/bobbym\\\/\",\"name\":\"Bobby M\",\"description\":\"L&#039;esprit Musiques Actuelles\",\"inLanguage\":\"fr-FR\"}]}<\/script>\n<!-- \/ Yoast SEO plugin. -->","yoast_head_json":{"title":"Bobby M accord\u00e9oniste 9 ANS - Bobby M","robots":{"index":"index","follow":"follow","max-snippet":"max-snippet:-1","max-image-preview":"max-image-preview:large","max-video-preview":"max-video-preview:-1"},"canonical":"https:\/\/www.latelieramusique.fr\/bobbym\/wp-content\/uploads\/sites\/8\/2015\/06\/Bobby-M-10-ans-\u00e0-H\u00e9rin-nord1.png","og_locale":"fr_FR","og_type":"article","og_title":"Bobby M accord\u00e9oniste 9 ANS - Bobby M","og_description":"Bobby M","og_url":"https:\/\/www.latelieramusique.fr\/bobbym\/wp-content\/uploads\/sites\/8\/2015\/06\/Bobby-M-10-ans-\u00e0-H\u00e9rin-nord1.png","og_site_name":"Bobby M","article_modified_time":"2017-02-04T19:46:04+00:00","og_image":[{"width":68,"height":139,"url":"https:\/\/www.latelieramusique.fr\/bobbym\/wp-content\/uploads\/sites\/8\/2015\/06\/Bobby-M-10-ans-\u00e0-H\u00e9rin-nord1.png","type":"image\/png"}],"schema":{"@context":"https:\/\/schema.org","@graph":[{"@type":"WebPage","@id":"https:\/\/www.latelieramusique.fr\/bobbym\/wp-content\/uploads\/sites\/8\/2015\/06\/Bobby-M-10-ans-\u00e0-H\u00e9rin-nord1.png","url":"https:\/\/www.latelieramusique.fr\/bobbym\/wp-content\/uploads\/sites\/8\/2015\/06\/Bobby-M-10-ans-\u00e0-H\u00e9rin-nord1.png","name":"Bobby M accord\u00e9oniste 9 ANS - Bobby M","isPartOf":{"@id":"https:\/\/www.latelieramusique.fr\/bobbym\/#website"},"datePublished":"2015-06-02T17:43:25+00:00","dateModified":"2017-02-04T19:46:04+00:00","breadcrumb":{"@id":"https:\/\/www.latelieramusique.fr\/bobbym\/wp-content\/uploads\/sites\/8\/2015\/06\/Bobby-M-10-ans-\u00e0-H\u00e9rin-nord1.png#breadcrumb"},"inLanguage":"fr-FR","potentialAction":[{"@type":"ReadAction","target":["https:\/\/www.latelieramusique.fr\/bobbym\/wp-content\/uploads\/sites\/8\/2015\/06\/Bobby-M-10-ans-\u00e0-H\u00e9rin-nord1.png"]}]},{"@type":"BreadcrumbList","@id":"https:\/\/www.latelieramusique.fr\/bobbym\/wp-content\/uploads\/sites\/8\/2015\/06\/Bobby-M-10-ans-\u00e0-H\u00e9rin-nord1.png#breadcrumb","itemListElement":[{"@type":"ListItem","position":1,"name":"Accueil","item":"https:\/\/www.latelieramusique.fr\/bobbym\/"},{"@type":"ListItem","position":2,"name":"Biographie,animations musicales en toutes circonstances,accord\u00e9on,bandon\u00e9on,harmonica,f\u00eate,th\u00e9\u00e2tre,rue,caf\u00e9,Bobby M,Chicken Group","item":"https:\/\/www.latelieramusique.fr\/bobbym\/biographieanimations-musicalesaccordeonbandoneonharmonica\/"},{"@type":"ListItem","position":3,"name":"Bobby M accord\u00e9oniste 9 ANS"}]},{"@type":"WebSite","@id":"https:\/\/www.latelieramusique.fr\/bobbym\/#website","url":"https:\/\/www.latelieramusique.fr\/bobbym\/","name":"Bobby M","description":"L&#039;esprit Musiques Actuelles","inLanguage":"fr-FR"}]}},"description":{"rendered":"<p class=\"attachment\"><a href='https:\/\/www.latelieramusique.fr\/bobbym\/wp-content\/uploads\/sites\/8\/2015\/06\/Bobby-M-10-ans-\u00e0-H\u00e9rin-nord1.png' title=\"\" data-rl_title=\"\" class=\"rl-gallery-link\" data-rl_caption=\"\" data-rel=\"lightbox-gallery-0\"><img loading=\"lazy\" decoding=\"async\" width=\"68\" height=\"139\" src=\"https:\/\/www.latelieramusique.fr\/bobbym\/wp-content\/uploads\/sites\/8\/2015\/06\/Bobby-M-10-ans-\u00e0-H\u00e9rin-nord1.png\" class=\"attachment-medium size-medium\" alt=\"\" \/><\/a><\/p>\n"},"caption":{"rendered":"<p>Bobby M<\/p>\n"},"alt_text":"","media_type":"image","mime_type":"image\/png","media_details":{"width":68,"height":139,"hwstring_small":"height='96' width='47'","file":"2015\/06\/Bobby-M-10-ans-\u00e0-H\u00e9rin-nord1.png","image_meta":{"aperture":"0","credit":"","camera":"","caption":"","created_timestamp":"0","copyright":"","focal_length":"0","iso":"0","shutter_speed":"0","title":"","orientation":"0","keywords":[]},"sizes":{}},"post":127,"source_url":"https:\/\/www.latelieramusique.fr\/bobbym\/wp-content\/uploads\/sites\/8\/2015\/06\/Bobby-M-10-ans-\u00e0-H\u00e9rin-nord1.png","_links":{"self":[{"href":"https:\/\/www.latelieramusique.fr\/bobbym\/wp-json\/wp\/v2\/media\/1410","targetHints":{"allow":["GET"]}}],"collection":[{"href":"https:\/\/www.latelieramusique.fr\/bobbym\/wp-json\/wp\/v2\/media"}],"about":[{"href":"https:\/\/www.latelieramusique.fr\/bobbym\/wp-json\/wp\/v2\/types\/attachment"}],"author":[{"embeddable":true,"href":"https:\/\/www.latelieramusique.fr\/bobbym\/wp-json\/wp\/v2\/users\/9"}],"wp:attached-to":[{"embeddable":true,"post_type":"page","id":127,"href":"https:\/\/www.latelieramusique.fr\/bobbym\/wp-json\/wp\/v2\/pages\/127"}],"curies":[{"name":"wp","href":"https:\/\/api.w.org\/{rel}","templated":true}]}}

http://www.latelieramusique.fr/bobbym/wp-content/uploads/sites/8/2015/06/Bobby-M-10-ans-à-Hérin-nord1.png

Bobby M accordéoniste 9 ANS

<!-- This site is optimized with the Yoast SEO plugin v27.5 - https://yoast.com/product/yoast-seo-wordpress/ -->
<title>Bobby M accordéoniste 9 ANS - Bobby M</title>
<meta name="robots" content="index, follow, max-snippet:-1, max-image-preview:large, max-video-preview:-1" />
<link rel="canonical" href="https://www.latelieramusique.fr/bobbym/wp-content/uploads/sites/8/2015/06/Bobby-M-10-ans-à-Hérin-nord1.png" />
<meta property="og:locale" content="fr_FR" />
<meta property="og:type" content="article" />
<meta property="og:title" content="Bobby M accordéoniste 9 ANS - Bobby M" />
<meta property="og:description" content="Bobby M" />
<meta property="og:url" content="https://www.latelieramusique.fr/bobbym/wp-content/uploads/sites/8/2015/06/Bobby-M-10-ans-à-Hérin-nord1.png" />
<meta property="og:site_name" content="Bobby M" />
<meta property="article:modified_time" content="2017-02-04T19:46:04+00:00" />
<meta property="og:image" content="https://www.latelieramusique.fr/bobbym/wp-content/uploads/sites/8/2015/06/Bobby-M-10-ans-à-Hérin-nord1.png" />
	<meta property="og:image:width" content="68" />
	<meta property="og:image:height" content="139" />
	<meta property="og:image:type" content="image/png" />
<script type="application/ld+json" class="yoast-schema-graph">{"@context":"https:\/\/schema.org","@graph":[{"@type":"WebPage","@id":"https:\/\/www.latelieramusique.fr\/bobbym\/wp-content\/uploads\/sites\/8\/2015\/06\/Bobby-M-10-ans-à-Hérin-nord1.png","url":"https:\/\/www.latelieramusique.fr\/bobbym\/wp-content\/uploads\/sites\/8\/2015\/06\/Bobby-M-10-ans-à-Hérin-nord1.png","name":"Bobby M accordéoniste 9 ANS - Bobby M","isPartOf":{"@id":"https:\/\/www.latelieramusique.fr\/bobbym\/#website"},"datePublished":"2015-06-02T17:43:25+00:00","dateModified":"2017-02-04T19:46:04+00:00","breadcrumb":{"@id":"https:\/\/www.latelieramusique.fr\/bobbym\/wp-content\/uploads\/sites\/8\/2015\/06\/Bobby-M-10-ans-à-Hérin-nord1.png#breadcrumb"},"inLanguage":"fr-FR","potentialAction":[{"@type":"ReadAction","target":["https:\/\/www.latelieramusique.fr\/bobbym\/wp-content\/uploads\/sites\/8\/2015\/06\/Bobby-M-10-ans-à-Hérin-nord1.png"]}]},{"@type":"BreadcrumbList","@id":"https:\/\/www.latelieramusique.fr\/bobbym\/wp-content\/uploads\/sites\/8\/2015\/06\/Bobby-M-10-ans-à-Hérin-nord1.png#breadcrumb","itemListElement":[{"@type":"ListItem","position":1,"name":"Accueil","item":"https:\/\/www.latelieramusique.fr\/bobbym\/"},{"@type":"ListItem","position":2,"name":"Biographie,animations musicales en toutes circonstances,accordéon,bandonéon,harmonica,fête,théâtre,rue,café,Bobby M,Chicken Group","item":"https:\/\/www.latelieramusique.fr\/bobbym\/biographieanimations-musicalesaccordeonbandoneonharmonica\/"},{"@type":"ListItem","position":3,"name":"Bobby M accordéoniste 9 ANS"}]},{"@type":"WebSite","@id":"https:\/\/www.latelieramusique.fr\/bobbym\/#website","url":"https:\/\/www.latelieramusique.fr\/bobbym\/","name":"Bobby M","description":"L&#039;esprit Musiques Actuelles","inLanguage":"fr-FR"}]}</script>
<!-- / Yoast SEO plugin. -->

Bobby M accordéoniste 9 ANS - Bobby M

https://www.latelieramusique.fr/bobbym/wp-content/uploads/sites/8/2015/06/Bobby-M-10-ans-à-Hérin-nord1.png

https://www.latelieramusique.fr/bobbym/wp-content/uploads/sites/8/2015/06/Bobby-M-10-ans-à-Hérin-nord1.png#breadcrumb

Biographie,animations musicales en toutes circonstances,accordéon,bandonéon,harmonica,fête,théâtre,rue,café,Bobby M,Chicken Group

<p class="attachment"><a href='https://www.latelieramusique.fr/bobbym/wp-content/uploads/sites/8/2015/06/Bobby-M-10-ans-à-Hérin-nord1.png' title="" data-rl_title="" class="rl-gallery-link" data-rl_caption="" data-rel="lightbox-gallery-0"><img loading="lazy" decoding="async" width="68" height="139" src="https://www.latelieramusique.fr/bobbym/wp-content/uploads/sites/8/2015/06/Bobby-M-10-ans-à-Hérin-nord1.png" class="attachment-medium size-medium" alt="" /></a></p>

2015/06/Bobby-M-10-ans-à-Hérin-nord1.png
