{"id":448,"date":"2015-01-26T10:05:35","date_gmt":"2015-01-26T10:05:35","guid":{"rendered":"http:\/\/www.latelieramusique.fr\/bobbym\/wp-content\/uploads\/sites\/8\/2015\/01\/DSC_0287.jpg"},"modified":"2015-09-08T23:04:26","modified_gmt":"2015-09-08T23:04:26","slug":"agents-ont-du-talent-musique-2014-2","status":"inherit","type":"attachment","link":"https:\/\/www.latelieramusique.fr\/bobbym\/biographieanimations-musicalesaccordeonbandoneonharmonica\/agents-ont-du-talent-musique-2014-2\/","title":{"rendered":"BOBBY M"},"author":9,"featured_media":0,"comment_status":"open","ping_status":"open","template":"","meta":{"_acf_changed":false,"_exactmetrics_skip_tracking":false,"_exactmetrics_sitenote_active":false,"_exactmetrics_sitenote_note":"","_exactmetrics_sitenote_category":0},"class_list":["post-448","attachment","type-attachment","status-inherit","hentry"],"acf":[],"yoast_head":"<!-- This site is optimized with the Yoast SEO plugin v27.5 - https:\/\/yoast.com\/product\/yoast-seo-wordpress\/ -->\n<title>BOBBY M - Bobby M<\/title>\n<meta name=\"robots\" content=\"index, follow, max-snippet:-1, max-image-preview:large, max-video-preview:-1\" \/>\n<link rel=\"canonical\" href=\"https:\/\/www.latelieramusique.fr\/bobbym\/wp-content\/uploads\/sites\/8\/2015\/01\/DSC_0287.jpg\" \/>\n<meta property=\"og:locale\" content=\"fr_FR\" \/>\n<meta property=\"og:type\" content=\"article\" \/>\n<meta property=\"og:title\" content=\"BOBBY M - Bobby M\" \/>\n<meta property=\"og:description\" content=\"Agents ont du talents musique 20 juin 2014 &#8211; jardin du Palais Royal Minist\u00e8re de la Culture et de la Communication Secr\u00e9tariat g\u00e9n\u00e9ral\/D\u00e9l\u00e9gation \u00e0 l&rsquo;information et \u00e0 la communication Mission de la communication interne\" \/>\n<meta property=\"og:url\" content=\"https:\/\/www.latelieramusique.fr\/bobbym\/wp-content\/uploads\/sites\/8\/2015\/01\/DSC_0287.jpg\" \/>\n<meta property=\"og:site_name\" content=\"Bobby M\" \/>\n<meta property=\"article:modified_time\" content=\"2015-09-08T23:04:26+00:00\" \/>\n<meta property=\"og:image\" content=\"https:\/\/www.latelieramusique.fr\/bobbym\/wp-content\/uploads\/sites\/8\/2015\/01\/DSC_0287-1024x680.jpg\" \/>\n\t<meta property=\"og:image:width\" content=\"1024\" \/>\n\t<meta property=\"og:image:height\" content=\"680\" \/>\n\t<meta property=\"og:image:type\" content=\"image\/jpeg\" \/>\n<script type=\"application\/ld+json\" class=\"yoast-schema-graph\">{\"@context\":\"https:\\\/\\\/schema.org\",\"@graph\":[{\"@type\":\"WebPage\",\"@id\":\"https:\\\/\\\/www.latelieramusique.fr\\\/bobbym\\\/wp-content\\\/uploads\\\/sites\\\/8\\\/2015\\\/01\\\/DSC_0287.jpg\",\"url\":\"https:\\\/\\\/www.latelieramusique.fr\\\/bobbym\\\/wp-content\\\/uploads\\\/sites\\\/8\\\/2015\\\/01\\\/DSC_0287.jpg\",\"name\":\"BOBBY M - Bobby M\",\"isPartOf\":{\"@id\":\"https:\\\/\\\/www.latelieramusique.fr\\\/bobbym\\\/#website\"},\"datePublished\":\"2015-01-26T10:05:35+00:00\",\"dateModified\":\"2015-09-08T23:04:26+00:00\",\"breadcrumb\":{\"@id\":\"https:\\\/\\\/www.latelieramusique.fr\\\/bobbym\\\/wp-content\\\/uploads\\\/sites\\\/8\\\/2015\\\/01\\\/DSC_0287.jpg#breadcrumb\"},\"inLanguage\":\"fr-FR\",\"potentialAction\":[{\"@type\":\"ReadAction\",\"target\":[\"https:\\\/\\\/www.latelieramusique.fr\\\/bobbym\\\/wp-content\\\/uploads\\\/sites\\\/8\\\/2015\\\/01\\\/DSC_0287.jpg\"]}]},{\"@type\":\"BreadcrumbList\",\"@id\":\"https:\\\/\\\/www.latelieramusique.fr\\\/bobbym\\\/wp-content\\\/uploads\\\/sites\\\/8\\\/2015\\\/01\\\/DSC_0287.jpg#breadcrumb\",\"itemListElement\":[{\"@type\":\"ListItem\",\"position\":1,\"name\":\"Accueil\",\"item\":\"https:\\\/\\\/www.latelieramusique.fr\\\/bobbym\\\/\"},{\"@type\":\"ListItem\",\"position\":2,\"name\":\"Biographie,animations musicales en toutes circonstances,accord\u00e9on,bandon\u00e9on,harmonica,f\u00eate,th\u00e9\u00e2tre,rue,caf\u00e9,Bobby M,Chicken Group\",\"item\":\"https:\\\/\\\/www.latelieramusique.fr\\\/bobbym\\\/biographieanimations-musicalesaccordeonbandoneonharmonica\\\/\"},{\"@type\":\"ListItem\",\"position\":3,\"name\":\"BOBBY M\"}]},{\"@type\":\"WebSite\",\"@id\":\"https:\\\/\\\/www.latelieramusique.fr\\\/bobbym\\\/#website\",\"url\":\"https:\\\/\\\/www.latelieramusique.fr\\\/bobbym\\\/\",\"name\":\"Bobby M\",\"description\":\"L&#039;esprit Musiques Actuelles\",\"inLanguage\":\"fr-FR\"}]}<\/script>\n<!-- \/ Yoast SEO plugin. -->","yoast_head_json":{"title":"BOBBY M - Bobby M","robots":{"index":"index","follow":"follow","max-snippet":"max-snippet:-1","max-image-preview":"max-image-preview:large","max-video-preview":"max-video-preview:-1"},"canonical":"https:\/\/www.latelieramusique.fr\/bobbym\/wp-content\/uploads\/sites\/8\/2015\/01\/DSC_0287.jpg","og_locale":"fr_FR","og_type":"article","og_title":"BOBBY M - Bobby M","og_description":"Agents ont du talents musique 20 juin 2014 &#8211; jardin du Palais Royal Minist\u00e8re de la Culture et de la Communication Secr\u00e9tariat g\u00e9n\u00e9ral\/D\u00e9l\u00e9gation \u00e0 l&rsquo;information et \u00e0 la communication Mission de la communication interne","og_url":"https:\/\/www.latelieramusique.fr\/bobbym\/wp-content\/uploads\/sites\/8\/2015\/01\/DSC_0287.jpg","og_site_name":"Bobby M","article_modified_time":"2015-09-08T23:04:26+00:00","og_image":[{"width":1024,"height":680,"url":"https:\/\/www.latelieramusique.fr\/bobbym\/wp-content\/uploads\/sites\/8\/2015\/01\/DSC_0287-1024x680.jpg","type":"image\/jpeg"}],"schema":{"@context":"https:\/\/schema.org","@graph":[{"@type":"WebPage","@id":"https:\/\/www.latelieramusique.fr\/bobbym\/wp-content\/uploads\/sites\/8\/2015\/01\/DSC_0287.jpg","url":"https:\/\/www.latelieramusique.fr\/bobbym\/wp-content\/uploads\/sites\/8\/2015\/01\/DSC_0287.jpg","name":"BOBBY M - Bobby M","isPartOf":{"@id":"https:\/\/www.latelieramusique.fr\/bobbym\/#website"},"datePublished":"2015-01-26T10:05:35+00:00","dateModified":"2015-09-08T23:04:26+00:00","breadcrumb":{"@id":"https:\/\/www.latelieramusique.fr\/bobbym\/wp-content\/uploads\/sites\/8\/2015\/01\/DSC_0287.jpg#breadcrumb"},"inLanguage":"fr-FR","potentialAction":[{"@type":"ReadAction","target":["https:\/\/www.latelieramusique.fr\/bobbym\/wp-content\/uploads\/sites\/8\/2015\/01\/DSC_0287.jpg"]}]},{"@type":"BreadcrumbList","@id":"https:\/\/www.latelieramusique.fr\/bobbym\/wp-content\/uploads\/sites\/8\/2015\/01\/DSC_0287.jpg#breadcrumb","itemListElement":[{"@type":"ListItem","position":1,"name":"Accueil","item":"https:\/\/www.latelieramusique.fr\/bobbym\/"},{"@type":"ListItem","position":2,"name":"Biographie,animations musicales en toutes circonstances,accord\u00e9on,bandon\u00e9on,harmonica,f\u00eate,th\u00e9\u00e2tre,rue,caf\u00e9,Bobby M,Chicken Group","item":"https:\/\/www.latelieramusique.fr\/bobbym\/biographieanimations-musicalesaccordeonbandoneonharmonica\/"},{"@type":"ListItem","position":3,"name":"BOBBY M"}]},{"@type":"WebSite","@id":"https:\/\/www.latelieramusique.fr\/bobbym\/#website","url":"https:\/\/www.latelieramusique.fr\/bobbym\/","name":"Bobby M","description":"L&#039;esprit Musiques Actuelles","inLanguage":"fr-FR"}]}},"description":{"rendered":"<p class=\"attachment\"><a href='https:\/\/www.latelieramusique.fr\/bobbym\/wp-content\/uploads\/sites\/8\/2015\/01\/DSC_0287.jpg' title=\"\" data-rl_title=\"\" class=\"rl-gallery-link\" data-rl_caption=\"\" data-rel=\"lightbox-gallery-0\"><img loading=\"lazy\" decoding=\"async\" width=\"300\" height=\"199\" src=\"https:\/\/www.latelieramusique.fr\/bobbym\/wp-content\/uploads\/sites\/8\/2015\/01\/DSC_0287-300x199.jpg\" class=\"attachment-medium size-medium\" alt=\"\" srcset=\"https:\/\/www.latelieramusique.fr\/bobbym\/wp-content\/uploads\/sites\/8\/2015\/01\/DSC_0287-300x200.jpg 300w, https:\/\/www.latelieramusique.fr\/bobbym\/wp-content\/uploads\/sites\/8\/2015\/01\/DSC_0287-1024x680.jpg 1024w, https:\/\/www.latelieramusique.fr\/bobbym\/wp-content\/uploads\/sites\/8\/2015\/01\/DSC_0287-200x133.jpg 200w\" sizes=\"auto, (max-width: 300px) 100vw, 300px\" \/><\/a><\/p>\n<p>Agents ont du talents musique 20 juin 2014 &#8211; jardin du Palais Royal<br \/>\nMinist\u00e8re de la Culture et de la Communication<br \/>\nSecr\u00e9tariat g\u00e9n\u00e9ral\/D\u00e9l\u00e9gation \u00e0 l&rsquo;information et \u00e0 la communication<br \/>\nMission de la communication interne<\/p>\n"},"caption":{"rendered":"<p>Agents ont du talents musique 20 juin 2014 &#8211; jardin du Palais Royal Minist\u00e8re de la Culture et de la Communication Secr\u00e9tariat g\u00e9n\u00e9ral\/D\u00e9l\u00e9gation \u00e0 l&rsquo;information et \u00e0 la communication Mission de la communication interne<\/p>\n"},"alt_text":"","media_type":"image","mime_type":"image\/jpeg","media_details":{"width":4288,"height":2848,"file":"2015\/01\/DSC_0287.jpg","sizes":{"thumbnail":{"file":"DSC_0287-150x150.jpg","width":150,"height":150,"mime_type":"image\/jpeg","source_url":"https:\/\/www.latelieramusique.fr\/bobbym\/wp-content\/uploads\/sites\/8\/2015\/01\/DSC_0287-150x150.jpg"},"medium":{"file":"DSC_0287-300x199.jpg","width":300,"height":199,"mime_type":"image\/jpeg","source_url":"https:\/\/www.latelieramusique.fr\/bobbym\/wp-content\/uploads\/sites\/8\/2015\/01\/DSC_0287-300x199.jpg"},"large":{"file":"DSC_0287-1024x680.jpg","width":1024,"height":680,"mime_type":"image\/jpeg","source_url":"https:\/\/www.latelieramusique.fr\/bobbym\/wp-content\/uploads\/sites\/8\/2015\/01\/DSC_0287-1024x680.jpg"},"post-thumbnail":{"file":"DSC_0287-604x270.jpg","width":604,"height":270,"mime_type":"image\/jpeg","source_url":"https:\/\/www.latelieramusique.fr\/bobbym\/wp-content\/uploads\/sites\/8\/2015\/01\/DSC_0287-604x270.jpg"},"video-image":{"file":"DSC_0287-300x200.jpg","width":300,"height":200,"mime_type":"image\/jpeg","source_url":"https:\/\/www.latelieramusique.fr\/bobbym\/wp-content\/uploads\/sites\/8\/2015\/01\/DSC_0287-300x200.jpg"},"agenda-image":{"file":"DSC_0287-200x133.jpg","width":200,"height":133,"mime_type":"image\/jpeg","source_url":"https:\/\/www.latelieramusique.fr\/bobbym\/wp-content\/uploads\/sites\/8\/2015\/01\/DSC_0287-200x133.jpg"},"full":{"file":"DSC_0287.jpg","width":4288,"height":2848,"mime_type":"image\/jpeg","source_url":"https:\/\/www.latelieramusique.fr\/bobbym\/wp-content\/uploads\/sites\/8\/2015\/01\/DSC_0287.jpg"}},"image_meta":{"aperture":-0,"credit":"Tuan LE VAN RA - TLVR","camera":"","caption":"Agents ont du talents musique 20 juin 2014 - jardin du Palais Royal\rMinist\u00e8re de la Culture et de la Communication\rSecr\u00e9tariat g\u00e9n\u00e9ral\/D\u00e9l\u00e9gation \u00e0 l'information et \u00e0 la communication\rMission de la communication interne","created_timestamp":1403273817,"copyright":"Tuan LE VAN RA - TLVR","focal_length":"3405.8383479723","iso":"1250","shutter_speed":"-23804.457409639","title":"Agents ont du talent musique 2014","orientation":1}},"post":127,"source_url":"https:\/\/www.latelieramusique.fr\/bobbym\/wp-content\/uploads\/sites\/8\/2015\/01\/DSC_0287.jpg","_links":{"self":[{"href":"https:\/\/www.latelieramusique.fr\/bobbym\/wp-json\/wp\/v2\/media\/448","targetHints":{"allow":["GET"]}}],"collection":[{"href":"https:\/\/www.latelieramusique.fr\/bobbym\/wp-json\/wp\/v2\/media"}],"about":[{"href":"https:\/\/www.latelieramusique.fr\/bobbym\/wp-json\/wp\/v2\/types\/attachment"}],"author":[{"embeddable":true,"href":"https:\/\/www.latelieramusique.fr\/bobbym\/wp-json\/wp\/v2\/users\/9"}],"wp:attached-to":[{"embeddable":true,"post_type":"page","id":127,"href":"https:\/\/www.latelieramusique.fr\/bobbym\/wp-json\/wp\/v2\/pages\/127"}],"curies":[{"name":"wp","href":"https:\/\/api.w.org\/{rel}","templated":true}]}}

<!-- This site is optimized with the Yoast SEO plugin v27.5 - https://yoast.com/product/yoast-seo-wordpress/ -->
<title>BOBBY M - Bobby M</title>
<meta name="robots" content="index, follow, max-snippet:-1, max-image-preview:large, max-video-preview:-1" />
<link rel="canonical" href="https://www.latelieramusique.fr/bobbym/wp-content/uploads/sites/8/2015/01/DSC_0287.jpg" />
<meta property="og:locale" content="fr_FR" />
<meta property="og:type" content="article" />
<meta property="og:title" content="BOBBY M - Bobby M" />
<meta property="og:description" content="Agents ont du talents musique 20 juin 2014 &#8211; jardin du Palais Royal Ministère de la Culture et de la Communication Secrétariat général/Délégation à l&rsquo;information et à la communication Mission de la communication interne" />
<meta property="og:url" content="https://www.latelieramusique.fr/bobbym/wp-content/uploads/sites/8/2015/01/DSC_0287.jpg" />
<meta property="og:site_name" content="Bobby M" />
<meta property="article:modified_time" content="2015-09-08T23:04:26+00:00" />
<meta property="og:image" content="https://www.latelieramusique.fr/bobbym/wp-content/uploads/sites/8/2015/01/DSC_0287-1024x680.jpg" />
	<meta property="og:image:width" content="1024" />
	<meta property="og:image:height" content="680" />
	<meta property="og:image:type" content="image/jpeg" />
<script type="application/ld+json" class="yoast-schema-graph">{"@context":"https:\/\/schema.org","@graph":[{"@type":"WebPage","@id":"https:\/\/www.latelieramusique.fr\/bobbym\/wp-content\/uploads\/sites\/8\/2015\/01\/DSC_0287.jpg","url":"https:\/\/www.latelieramusique.fr\/bobbym\/wp-content\/uploads\/sites\/8\/2015\/01\/DSC_0287.jpg","name":"BOBBY M - Bobby M","isPartOf":{"@id":"https:\/\/www.latelieramusique.fr\/bobbym\/#website"},"datePublished":"2015-01-26T10:05:35+00:00","dateModified":"2015-09-08T23:04:26+00:00","breadcrumb":{"@id":"https:\/\/www.latelieramusique.fr\/bobbym\/wp-content\/uploads\/sites\/8\/2015\/01\/DSC_0287.jpg#breadcrumb"},"inLanguage":"fr-FR","potentialAction":[{"@type":"ReadAction","target":["https:\/\/www.latelieramusique.fr\/bobbym\/wp-content\/uploads\/sites\/8\/2015\/01\/DSC_0287.jpg"]}]},{"@type":"BreadcrumbList","@id":"https:\/\/www.latelieramusique.fr\/bobbym\/wp-content\/uploads\/sites\/8\/2015\/01\/DSC_0287.jpg#breadcrumb","itemListElement":[{"@type":"ListItem","position":1,"name":"Accueil","item":"https:\/\/www.latelieramusique.fr\/bobbym\/"},{"@type":"ListItem","position":2,"name":"Biographie,animations musicales en toutes circonstances,accordéon,bandonéon,harmonica,fête,théâtre,rue,café,Bobby M,Chicken Group","item":"https:\/\/www.latelieramusique.fr\/bobbym\/biographieanimations-musicalesaccordeonbandoneonharmonica\/"},{"@type":"ListItem","position":3,"name":"BOBBY M"}]},{"@type":"WebSite","@id":"https:\/\/www.latelieramusique.fr\/bobbym\/#website","url":"https:\/\/www.latelieramusique.fr\/bobbym\/","name":"Bobby M","description":"L&#039;esprit Musiques Actuelles","inLanguage":"fr-FR"}]}</script>
<!-- / Yoast SEO plugin. -->

Agents ont du talents musique 20 juin 2014 &#8211; jardin du Palais Royal Ministère de la Culture et de la Communication Secrétariat général/Délégation à l&rsquo;information et à la communication Mission de la communication interne

Biographie,animations musicales en toutes circonstances,accordéon,bandonéon,harmonica,fête,théâtre,rue,café,Bobby M,Chicken Group

<p class="attachment"><a href='https://www.latelieramusique.fr/bobbym/wp-content/uploads/sites/8/2015/01/DSC_0287.jpg' title="" data-rl_title="" class="rl-gallery-link" data-rl_caption="" data-rel="lightbox-gallery-0"><img loading="lazy" decoding="async" width="300" height="199" src="https://www.latelieramusique.fr/bobbym/wp-content/uploads/sites/8/2015/01/DSC_0287-300x199.jpg" class="attachment-medium size-medium" alt="" srcset="https://www.latelieramusique.fr/bobbym/wp-content/uploads/sites/8/2015/01/DSC_0287-300x200.jpg 300w, https://www.latelieramusique.fr/bobbym/wp-content/uploads/sites/8/2015/01/DSC_0287-1024x680.jpg 1024w, https://www.latelieramusique.fr/bobbym/wp-content/uploads/sites/8/2015/01/DSC_0287-200x133.jpg 200w" sizes="auto, (max-width: 300px) 100vw, 300px" /></a></p>
<p>Agents ont du talents musique 20 juin 2014 &#8211; jardin du Palais Royal<br />
Ministère de la Culture et de la Communication<br />
Secrétariat général/Délégation à l&rsquo;information et à la communication<br />
Mission de la communication interne</p>

<p>Agents ont du talents musique 20 juin 2014 &#8211; jardin du Palais Royal Ministère de la Culture et de la Communication Secrétariat général/Délégation à l&rsquo;information et à la communication Mission de la communication interne</p>

Agents ont du talents musique 20 juin 2014 - jardin du Palais RoyalMinistère de la Culture et de la CommunicationSecrétariat général/Délégation à l'information et à la communicationMission de la communication interne
