{"id":408,"date":"2014-07-08T20:08:29","date_gmt":"2014-07-08T19:08:29","guid":{"rendered":"http:\/\/www.latelieramusique.fr\/template\/g\/?page_id=2"},"modified":"2014-07-08T20:08:29","modified_gmt":"2014-07-08T19:08:29","slug":"contact","status":"publish","type":"page","link":"https:\/\/www.latelieramusique.fr\/richardhertel\/contact\/","title":{"rendered":"contact"},"content":{"rendered":"<p>N&rsquo;h\u00e9sitez pas \u00e0 nous laissez un message en utilisant le formulaire.<\/p>\n<p><strong>Presse :<\/strong><br \/>\nPr\u00e9nom Nom<br \/>\n+33 6 01 02 03 04<br \/>\n<a href=\"mailto:nom.prenom@gmail.com\">nom.prenom@gmail.com<\/a><\/p>\n<p><strong>Fan :<\/strong><br \/>\n<a title=\"www.facebook.com\/nom-artiste\" href=\"http:\/\/www.facebook.com\/nom-artiste\">www.facebook.com\/nom-projet<\/a><\/p>\n","protected":false},"excerpt":{"rendered":"<p>N&rsquo;h\u00e9sitez pas \u00e0 nous laissez un message en utilisant le formulaire. Presse : Pr\u00e9nom Nom +33 6 01 02 03 04 nom.prenom@gmail.com Fan : www.facebook.com\/nom-projet<\/p>\n","protected":false},"author":1,"featured_media":0,"parent":0,"menu_order":3,"comment_status":"closed","ping_status":"closed","template":"page-templates\/page-contact.php","meta":{"_acf_changed":false,"_exactmetrics_skip_tracking":false,"_exactmetrics_sitenote_active":false,"_exactmetrics_sitenote_note":"","_exactmetrics_sitenote_category":0,"footnotes":""},"class_list":["post-408","page","type-page","status-publish","hentry"],"acf":[],"yoast_head":"<!-- This site is optimized with the Yoast SEO plugin v27.5 - https:\/\/yoast.com\/product\/yoast-seo-wordpress\/ -->\n<title>contact - Richard Hertel<\/title>\n<meta name=\"robots\" content=\"index, follow, max-snippet:-1, max-image-preview:large, max-video-preview:-1\" \/>\n<link rel=\"canonical\" href=\"https:\/\/www.latelieramusique.fr\/richardhertel\/contact\/\" \/>\n<meta property=\"og:locale\" content=\"fr_FR\" \/>\n<meta property=\"og:type\" content=\"article\" \/>\n<meta property=\"og:title\" content=\"contact - Richard Hertel\" \/>\n<meta property=\"og:description\" content=\"N&rsquo;h\u00e9sitez pas \u00e0 nous laissez un message en utilisant le formulaire. Presse : Pr\u00e9nom Nom +33 6 01 02 03 04 nom.prenom@gmail.com Fan : www.facebook.com\/nom-projet\" \/>\n<meta property=\"og:url\" content=\"https:\/\/www.latelieramusique.fr\/richardhertel\/contact\/\" \/>\n<meta property=\"og:site_name\" content=\"Richard Hertel\" \/>\n<script type=\"application\/ld+json\" class=\"yoast-schema-graph\">{\"@context\":\"https:\\\/\\\/schema.org\",\"@graph\":[{\"@type\":\"WebPage\",\"@id\":\"https:\\\/\\\/www.latelieramusique.fr\\\/richardhertel\\\/contact\\\/\",\"url\":\"https:\\\/\\\/www.latelieramusique.fr\\\/richardhertel\\\/contact\\\/\",\"name\":\"contact - Richard Hertel\",\"isPartOf\":{\"@id\":\"https:\\\/\\\/www.latelieramusique.fr\\\/richardhertel\\\/#website\"},\"datePublished\":\"2014-07-08T19:08:29+00:00\",\"breadcrumb\":{\"@id\":\"https:\\\/\\\/www.latelieramusique.fr\\\/richardhertel\\\/contact\\\/#breadcrumb\"},\"inLanguage\":\"fr-FR\",\"potentialAction\":[{\"@type\":\"ReadAction\",\"target\":[\"https:\\\/\\\/www.latelieramusique.fr\\\/richardhertel\\\/contact\\\/\"]}]},{\"@type\":\"BreadcrumbList\",\"@id\":\"https:\\\/\\\/www.latelieramusique.fr\\\/richardhertel\\\/contact\\\/#breadcrumb\",\"itemListElement\":[{\"@type\":\"ListItem\",\"position\":1,\"name\":\"Accueil\",\"item\":\"https:\\\/\\\/www.latelieramusique.fr\\\/richardhertel\\\/\"},{\"@type\":\"ListItem\",\"position\":2,\"name\":\"contact\"}]},{\"@type\":\"WebSite\",\"@id\":\"https:\\\/\\\/www.latelieramusique.fr\\\/richardhertel\\\/#website\",\"url\":\"https:\\\/\\\/www.latelieramusique.fr\\\/richardhertel\\\/\",\"name\":\"Richard Hertel\",\"description\":\"Batteur - Jazz\",\"inLanguage\":\"fr-FR\"}]}<\/script>\n<!-- \/ Yoast SEO plugin. -->","yoast_head_json":{"title":"contact - Richard Hertel","robots":{"index":"index","follow":"follow","max-snippet":"max-snippet:-1","max-image-preview":"max-image-preview:large","max-video-preview":"max-video-preview:-1"},"canonical":"https:\/\/www.latelieramusique.fr\/richardhertel\/contact\/","og_locale":"fr_FR","og_type":"article","og_title":"contact - Richard Hertel","og_description":"N&rsquo;h\u00e9sitez pas \u00e0 nous laissez un message en utilisant le formulaire. Presse : Pr\u00e9nom Nom +33 6 01 02 03 04 nom.prenom@gmail.com Fan : www.facebook.com\/nom-projet","og_url":"https:\/\/www.latelieramusique.fr\/richardhertel\/contact\/","og_site_name":"Richard Hertel","schema":{"@context":"https:\/\/schema.org","@graph":[{"@type":"WebPage","@id":"https:\/\/www.latelieramusique.fr\/richardhertel\/contact\/","url":"https:\/\/www.latelieramusique.fr\/richardhertel\/contact\/","name":"contact - Richard Hertel","isPartOf":{"@id":"https:\/\/www.latelieramusique.fr\/richardhertel\/#website"},"datePublished":"2014-07-08T19:08:29+00:00","breadcrumb":{"@id":"https:\/\/www.latelieramusique.fr\/richardhertel\/contact\/#breadcrumb"},"inLanguage":"fr-FR","potentialAction":[{"@type":"ReadAction","target":["https:\/\/www.latelieramusique.fr\/richardhertel\/contact\/"]}]},{"@type":"BreadcrumbList","@id":"https:\/\/www.latelieramusique.fr\/richardhertel\/contact\/#breadcrumb","itemListElement":[{"@type":"ListItem","position":1,"name":"Accueil","item":"https:\/\/www.latelieramusique.fr\/richardhertel\/"},{"@type":"ListItem","position":2,"name":"contact"}]},{"@type":"WebSite","@id":"https:\/\/www.latelieramusique.fr\/richardhertel\/#website","url":"https:\/\/www.latelieramusique.fr\/richardhertel\/","name":"Richard Hertel","description":"Batteur - Jazz","inLanguage":"fr-FR"}]}},"_links":{"self":[{"href":"https:\/\/www.latelieramusique.fr\/richardhertel\/wp-json\/wp\/v2\/pages\/408","targetHints":{"allow":["GET"]}}],"collection":[{"href":"https:\/\/www.latelieramusique.fr\/richardhertel\/wp-json\/wp\/v2\/pages"}],"about":[{"href":"https:\/\/www.latelieramusique.fr\/richardhertel\/wp-json\/wp\/v2\/types\/page"}],"author":[{"embeddable":true,"href":"https:\/\/www.latelieramusique.fr\/richardhertel\/wp-json\/wp\/v2\/users\/1"}],"replies":[{"embeddable":true,"href":"https:\/\/www.latelieramusique.fr\/richardhertel\/wp-json\/wp\/v2\/comments?post=408"}],"version-history":[{"count":0,"href":"https:\/\/www.latelieramusique.fr\/richardhertel\/wp-json\/wp\/v2\/pages\/408\/revisions"}],"wp:attachment":[{"href":"https:\/\/www.latelieramusique.fr\/richardhertel\/wp-json\/wp\/v2\/media?parent=408"}],"curies":[{"name":"wp","href":"https:\/\/api.w.org\/{rel}","templated":true}]}}

<p>N&rsquo;hésitez pas à nous laissez un message en utilisant le formulaire.</p>
<p><strong>Presse :</strong><br />
Prénom Nom<br />
+33 6 01 02 03 04<br />
<a href="mailto:nom.prenom@gmail.com">nom.prenom@gmail.com</a></p>
<p><strong>Fan :</strong><br />
<a title="www.facebook.com/nom-artiste" href="http://www.facebook.com/nom-artiste">www.facebook.com/nom-projet</a></p>

<p>N&rsquo;hésitez pas à nous laissez un message en utilisant le formulaire. Presse : Prénom Nom +33 6 01 02 03 04 nom.prenom@gmail.com Fan : www.facebook.com/nom-projet</p>

<!-- This site is optimized with the Yoast SEO plugin v27.5 - https://yoast.com/product/yoast-seo-wordpress/ -->
<title>contact - Richard Hertel</title>
<meta name="robots" content="index, follow, max-snippet:-1, max-image-preview:large, max-video-preview:-1" />
<link rel="canonical" href="https://www.latelieramusique.fr/richardhertel/contact/" />
<meta property="og:locale" content="fr_FR" />
<meta property="og:type" content="article" />
<meta property="og:title" content="contact - Richard Hertel" />
<meta property="og:description" content="N&rsquo;hésitez pas à nous laissez un message en utilisant le formulaire. Presse : Prénom Nom +33 6 01 02 03 04 nom.prenom@gmail.com Fan : www.facebook.com/nom-projet" />
<meta property="og:url" content="https://www.latelieramusique.fr/richardhertel/contact/" />
<meta property="og:site_name" content="Richard Hertel" />
<script type="application/ld+json" class="yoast-schema-graph">{"@context":"https:\/\/schema.org","@graph":[{"@type":"WebPage","@id":"https:\/\/www.latelieramusique.fr\/richardhertel\/contact\/","url":"https:\/\/www.latelieramusique.fr\/richardhertel\/contact\/","name":"contact - Richard Hertel","isPartOf":{"@id":"https:\/\/www.latelieramusique.fr\/richardhertel\/#website"},"datePublished":"2014-07-08T19:08:29+00:00","breadcrumb":{"@id":"https:\/\/www.latelieramusique.fr\/richardhertel\/contact\/#breadcrumb"},"inLanguage":"fr-FR","potentialAction":[{"@type":"ReadAction","target":["https:\/\/www.latelieramusique.fr\/richardhertel\/contact\/"]}]},{"@type":"BreadcrumbList","@id":"https:\/\/www.latelieramusique.fr\/richardhertel\/contact\/#breadcrumb","itemListElement":[{"@type":"ListItem","position":1,"name":"Accueil","item":"https:\/\/www.latelieramusique.fr\/richardhertel\/"},{"@type":"ListItem","position":2,"name":"contact"}]},{"@type":"WebSite","@id":"https:\/\/www.latelieramusique.fr\/richardhertel\/#website","url":"https:\/\/www.latelieramusique.fr\/richardhertel\/","name":"Richard Hertel","description":"Batteur - Jazz","inLanguage":"fr-FR"}]}</script>
<!-- / Yoast SEO plugin. -->

N&rsquo;hésitez pas à nous laissez un message en utilisant le formulaire. Presse : Prénom Nom +33 6 01 02 03 04 nom.prenom@gmail.com Fan : www.facebook.com/nom-projet
